{"id":106,"date":"2021-11-09T12:14:19","date_gmt":"2021-11-09T11:14:19","guid":{"rendered":"https:\/\/vandrarhemmetriso.se\/hostel\/?page_id=106"},"modified":"2025-03-16T11:52:44","modified_gmt":"2025-03-16T10:52:44","slug":"kontakt","status":"publish","type":"page","link":"https:\/\/vandrarhemmetriso.se\/hostel\/kontakt\/","title":{"rendered":"Kontakt"},"content":{"rendered":"\n<div class=\"wp-block-columns are-vertically-aligned-top is-layout-flex wp-container-core-columns-is-layout-9d6595d7 wp-block-columns-is-layout-flex\">\n<div class=\"wp-block-column is-vertically-aligned-top is-layout-flow wp-block-column-is-layout-flow\" style=\"flex-basis:100%\">\n<div class=\"wp-block-columns is-layout-flex wp-container-core-columns-is-layout-9d6595d7 wp-block-columns-is-layout-flex\">\n<div class=\"wp-block-column is-layout-flow wp-block-column-is-layout-flow\" style=\"flex-basis:66.66%\"><\/div>\n\n\n\n<div class=\"wp-block-column is-layout-flow wp-block-column-is-layout-flow\" style=\"flex-basis:33.33%\"><\/div>\n<\/div>\n<\/div>\n<\/div>\n\n\n\n<div class=\"wp-block-columns is-layout-flex wp-container-core-columns-is-layout-9d6595d7 wp-block-columns-is-layout-flex\">\n<div class=\"wp-block-column is-layout-flow wp-block-column-is-layout-flow\"><\/div>\n\n\n\n<div class=\"wp-block-column is-layout-flow wp-block-column-is-layout-flow\"><\/div>\n<\/div>\n\n\n\n<p><\/p>\n","protected":false},"excerpt":{"rendered":"","protected":false},"author":1,"featured_media":18,"parent":0,"menu_order":0,"comment_status":"open","ping_status":"closed","template":"","meta":{"footnotes":""},"class_list":["post-106","page","type-page","status-publish","has-post-thumbnail","hentry"],"yoast_head":"<!-- This site is optimized with the Yoast SEO plugin v27.4 - https:\/\/yoast.com\/product\/yoast-seo-wordpress\/ -->\n<title>Kontakt &#8226; Vandrarhemmet Ris\u00f6<\/title>\n<meta name=\"description\" content=\"Bo p\u00e5 egen \u00f6\/Vandrarhemmmet Ris\u00f6 i Vinga-Fot\u00f6 sk\u00e4rg\u00e5rd utanf\u00f6r G\u00f6teborg. H\u00e4r bor du i sk\u00e4rg\u00e5rdsmilj\u00f6, med utsikt \u00f6ver Vinga fyr\" \/>\n<meta name=\"robots\" content=\"index, follow, max-snippet:-1, max-image-preview:large, max-video-preview:-1\" \/>\n<link rel=\"canonical\" href=\"https:\/\/vandrarhemmetriso.se\/hostel\/kontakt\/\" \/>\n<meta property=\"og:locale\" content=\"sv_SE\" \/>\n<meta property=\"og:type\" content=\"article\" \/>\n<meta property=\"og:title\" content=\"Kontakt &#8226; Vandrarhemmet Ris\u00f6\" \/>\n<meta property=\"og:description\" content=\"Bo p\u00e5 egen \u00f6\/Vandrarhemmmet Ris\u00f6 i Vinga-Fot\u00f6 sk\u00e4rg\u00e5rd utanf\u00f6r G\u00f6teborg. H\u00e4r bor du i sk\u00e4rg\u00e5rdsmilj\u00f6, med utsikt \u00f6ver Vinga fyr\" \/>\n<meta property=\"og:url\" content=\"https:\/\/vandrarhemmetriso.se\/hostel\/kontakt\/\" \/>\n<meta property=\"og:site_name\" content=\"Vandrarhemmet Ris\u00f6\" \/>\n<meta property=\"article:publisher\" content=\"https:\/\/sv-se.facebook.com\/vandrarhemmetriso\/?ref=page_internal\" \/>\n<meta property=\"article:modified_time\" content=\"2025-03-16T10:52:44+00:00\" \/>\n<meta property=\"og:image\" content=\"https:\/\/vandrarhemmetriso.se\/hostel\/wp-content\/uploads\/adomus-img-demo\/call.jpg\" \/>\n\t<meta property=\"og:image:width\" content=\"1920\" \/>\n\t<meta property=\"og:image:height\" content=\"1280\" \/>\n\t<meta property=\"og:image:type\" content=\"image\/jpeg\" \/>\n<meta name=\"twitter:card\" content=\"summary_large_image\" \/>\n<script type=\"application\/ld+json\" class=\"yoast-schema-graph\">{\"@context\":\"https:\\\/\\\/schema.org\",\"@graph\":[{\"@type\":\"WebPage\",\"@id\":\"https:\\\/\\\/vandrarhemmetriso.se\\\/hostel\\\/kontakt\\\/\",\"url\":\"https:\\\/\\\/vandrarhemmetriso.se\\\/hostel\\\/kontakt\\\/\",\"name\":\"Kontakt &#8226; Vandrarhemmet Ris\u00f6\",\"isPartOf\":{\"@id\":\"https:\\\/\\\/vandrarhemmetriso.se\\\/hostel\\\/#website\"},\"primaryImageOfPage\":{\"@id\":\"https:\\\/\\\/vandrarhemmetriso.se\\\/hostel\\\/kontakt\\\/#primaryimage\"},\"image\":{\"@id\":\"https:\\\/\\\/vandrarhemmetriso.se\\\/hostel\\\/kontakt\\\/#primaryimage\"},\"thumbnailUrl\":\"https:\\\/\\\/vandrarhemmetriso.se\\\/hostel\\\/wp-content\\\/uploads\\\/adomus-img-demo\\\/call.jpg\",\"datePublished\":\"2021-11-09T11:14:19+00:00\",\"dateModified\":\"2025-03-16T10:52:44+00:00\",\"description\":\"Bo p\u00e5 egen \u00f6\\\/Vandrarhemmmet Ris\u00f6 i Vinga-Fot\u00f6 sk\u00e4rg\u00e5rd utanf\u00f6r G\u00f6teborg. H\u00e4r bor du i sk\u00e4rg\u00e5rdsmilj\u00f6, med utsikt \u00f6ver Vinga fyr\",\"breadcrumb\":{\"@id\":\"https:\\\/\\\/vandrarhemmetriso.se\\\/hostel\\\/kontakt\\\/#breadcrumb\"},\"inLanguage\":\"sv-SE\",\"potentialAction\":[{\"@type\":\"ReadAction\",\"target\":[\"https:\\\/\\\/vandrarhemmetriso.se\\\/hostel\\\/kontakt\\\/\"]}]},{\"@type\":\"ImageObject\",\"inLanguage\":\"sv-SE\",\"@id\":\"https:\\\/\\\/vandrarhemmetriso.se\\\/hostel\\\/kontakt\\\/#primaryimage\",\"url\":\"https:\\\/\\\/vandrarhemmetriso.se\\\/hostel\\\/wp-content\\\/uploads\\\/adomus-img-demo\\\/call.jpg\",\"contentUrl\":\"https:\\\/\\\/vandrarhemmetriso.se\\\/hostel\\\/wp-content\\\/uploads\\\/adomus-img-demo\\\/call.jpg\",\"width\":1920,\"height\":1280,\"caption\":\"Call\"},{\"@type\":\"BreadcrumbList\",\"@id\":\"https:\\\/\\\/vandrarhemmetriso.se\\\/hostel\\\/kontakt\\\/#breadcrumb\",\"itemListElement\":[{\"@type\":\"ListItem\",\"position\":1,\"name\":\"Boka Online\",\"item\":\"https:\\\/\\\/vandrarhemmetriso.se\\\/hostel\\\/\"},{\"@type\":\"ListItem\",\"position\":2,\"name\":\"Kontakt\"}]},{\"@type\":\"WebSite\",\"@id\":\"https:\\\/\\\/vandrarhemmetriso.se\\\/hostel\\\/#website\",\"url\":\"https:\\\/\\\/vandrarhemmetriso.se\\\/hostel\\\/\",\"name\":\"Vandrarhemmet Ris\u00f6\",\"description\":\"Vandrarhemmet Ris\u00f6 bo p\u00e5 egen \u00f6\",\"publisher\":{\"@id\":\"https:\\\/\\\/vandrarhemmetriso.se\\\/hostel\\\/#organization\"},\"alternateName\":\"Vandrarhem boende p\u00e5 egen \u00f6\",\"potentialAction\":[{\"@type\":\"SearchAction\",\"target\":{\"@type\":\"EntryPoint\",\"urlTemplate\":\"https:\\\/\\\/vandrarhemmetriso.se\\\/hostel\\\/?s={search_term_string}\"},\"query-input\":{\"@type\":\"PropertyValueSpecification\",\"valueRequired\":true,\"valueName\":\"search_term_string\"}}],\"inLanguage\":\"sv-SE\"},{\"@type\":\"Organization\",\"@id\":\"https:\\\/\\\/vandrarhemmetriso.se\\\/hostel\\\/#organization\",\"name\":\"Vandrarhemmet Ris\u00f6 ideel f\u00f6rening\",\"url\":\"https:\\\/\\\/vandrarhemmetriso.se\\\/hostel\\\/\",\"logo\":{\"@type\":\"ImageObject\",\"inLanguage\":\"sv-SE\",\"@id\":\"https:\\\/\\\/vandrarhemmetriso.se\\\/hostel\\\/#\\\/schema\\\/logo\\\/image\\\/\",\"url\":\"\",\"contentUrl\":\"\",\"caption\":\"Vandrarhemmet Ris\u00f6 ideel f\u00f6rening\"},\"image\":{\"@id\":\"https:\\\/\\\/vandrarhemmetriso.se\\\/hostel\\\/#\\\/schema\\\/logo\\\/image\\\/\"},\"sameAs\":[\"https:\\\/\\\/sv-se.facebook.com\\\/vandrarhemmetriso\\\/?ref=page_internal\"]}]}<\/script>\n<!-- \/ Yoast SEO plugin. -->","yoast_head_json":{"title":"Kontakt &#8226; Vandrarhemmet Ris\u00f6","description":"Bo p\u00e5 egen \u00f6\/Vandrarhemmmet Ris\u00f6 i Vinga-Fot\u00f6 sk\u00e4rg\u00e5rd utanf\u00f6r G\u00f6teborg. H\u00e4r bor du i sk\u00e4rg\u00e5rdsmilj\u00f6, med utsikt \u00f6ver Vinga fyr","robots":{"index":"index","follow":"follow","max-snippet":"max-snippet:-1","max-image-preview":"max-image-preview:large","max-video-preview":"max-video-preview:-1"},"canonical":"https:\/\/vandrarhemmetriso.se\/hostel\/kontakt\/","og_locale":"sv_SE","og_type":"article","og_title":"Kontakt &#8226; Vandrarhemmet Ris\u00f6","og_description":"Bo p\u00e5 egen \u00f6\/Vandrarhemmmet Ris\u00f6 i Vinga-Fot\u00f6 sk\u00e4rg\u00e5rd utanf\u00f6r G\u00f6teborg. H\u00e4r bor du i sk\u00e4rg\u00e5rdsmilj\u00f6, med utsikt \u00f6ver Vinga fyr","og_url":"https:\/\/vandrarhemmetriso.se\/hostel\/kontakt\/","og_site_name":"Vandrarhemmet Ris\u00f6","article_publisher":"https:\/\/sv-se.facebook.com\/vandrarhemmetriso\/?ref=page_internal","article_modified_time":"2025-03-16T10:52:44+00:00","og_image":[{"width":1920,"height":1280,"url":"https:\/\/vandrarhemmetriso.se\/hostel\/wp-content\/uploads\/adomus-img-demo\/call.jpg","type":"image\/jpeg"}],"twitter_card":"summary_large_image","schema":{"@context":"https:\/\/schema.org","@graph":[{"@type":"WebPage","@id":"https:\/\/vandrarhemmetriso.se\/hostel\/kontakt\/","url":"https:\/\/vandrarhemmetriso.se\/hostel\/kontakt\/","name":"Kontakt &#8226; Vandrarhemmet Ris\u00f6","isPartOf":{"@id":"https:\/\/vandrarhemmetriso.se\/hostel\/#website"},"primaryImageOfPage":{"@id":"https:\/\/vandrarhemmetriso.se\/hostel\/kontakt\/#primaryimage"},"image":{"@id":"https:\/\/vandrarhemmetriso.se\/hostel\/kontakt\/#primaryimage"},"thumbnailUrl":"https:\/\/vandrarhemmetriso.se\/hostel\/wp-content\/uploads\/adomus-img-demo\/call.jpg","datePublished":"2021-11-09T11:14:19+00:00","dateModified":"2025-03-16T10:52:44+00:00","description":"Bo p\u00e5 egen \u00f6\/Vandrarhemmmet Ris\u00f6 i Vinga-Fot\u00f6 sk\u00e4rg\u00e5rd utanf\u00f6r G\u00f6teborg. H\u00e4r bor du i sk\u00e4rg\u00e5rdsmilj\u00f6, med utsikt \u00f6ver Vinga fyr","breadcrumb":{"@id":"https:\/\/vandrarhemmetriso.se\/hostel\/kontakt\/#breadcrumb"},"inLanguage":"sv-SE","potentialAction":[{"@type":"ReadAction","target":["https:\/\/vandrarhemmetriso.se\/hostel\/kontakt\/"]}]},{"@type":"ImageObject","inLanguage":"sv-SE","@id":"https:\/\/vandrarhemmetriso.se\/hostel\/kontakt\/#primaryimage","url":"https:\/\/vandrarhemmetriso.se\/hostel\/wp-content\/uploads\/adomus-img-demo\/call.jpg","contentUrl":"https:\/\/vandrarhemmetriso.se\/hostel\/wp-content\/uploads\/adomus-img-demo\/call.jpg","width":1920,"height":1280,"caption":"Call"},{"@type":"BreadcrumbList","@id":"https:\/\/vandrarhemmetriso.se\/hostel\/kontakt\/#breadcrumb","itemListElement":[{"@type":"ListItem","position":1,"name":"Boka Online","item":"https:\/\/vandrarhemmetriso.se\/hostel\/"},{"@type":"ListItem","position":2,"name":"Kontakt"}]},{"@type":"WebSite","@id":"https:\/\/vandrarhemmetriso.se\/hostel\/#website","url":"https:\/\/vandrarhemmetriso.se\/hostel\/","name":"Vandrarhemmet Ris\u00f6","description":"Vandrarhemmet Ris\u00f6 bo p\u00e5 egen \u00f6","publisher":{"@id":"https:\/\/vandrarhemmetriso.se\/hostel\/#organization"},"alternateName":"Vandrarhem boende p\u00e5 egen \u00f6","potentialAction":[{"@type":"SearchAction","target":{"@type":"EntryPoint","urlTemplate":"https:\/\/vandrarhemmetriso.se\/hostel\/?s={search_term_string}"},"query-input":{"@type":"PropertyValueSpecification","valueRequired":true,"valueName":"search_term_string"}}],"inLanguage":"sv-SE"},{"@type":"Organization","@id":"https:\/\/vandrarhemmetriso.se\/hostel\/#organization","name":"Vandrarhemmet Ris\u00f6 ideel f\u00f6rening","url":"https:\/\/vandrarhemmetriso.se\/hostel\/","logo":{"@type":"ImageObject","inLanguage":"sv-SE","@id":"https:\/\/vandrarhemmetriso.se\/hostel\/#\/schema\/logo\/image\/","url":"","contentUrl":"","caption":"Vandrarhemmet Ris\u00f6 ideel f\u00f6rening"},"image":{"@id":"https:\/\/vandrarhemmetriso.se\/hostel\/#\/schema\/logo\/image\/"},"sameAs":["https:\/\/sv-se.facebook.com\/vandrarhemmetriso\/?ref=page_internal"]}]}},"_links":{"self":[{"href":"https:\/\/vandrarhemmetriso.se\/hostel\/wp-json\/wp\/v2\/pages\/106","targetHints":{"allow":["GET"]}}],"collection":[{"href":"https:\/\/vandrarhemmetriso.se\/hostel\/wp-json\/wp\/v2\/pages"}],"about":[{"href":"https:\/\/vandrarhemmetriso.se\/hostel\/wp-json\/wp\/v2\/types\/page"}],"author":[{"embeddable":true,"href":"https:\/\/vandrarhemmetriso.se\/hostel\/wp-json\/wp\/v2\/users\/1"}],"replies":[{"embeddable":true,"href":"https:\/\/vandrarhemmetriso.se\/hostel\/wp-json\/wp\/v2\/comments?post=106"}],"version-history":[{"count":16,"href":"https:\/\/vandrarhemmetriso.se\/hostel\/wp-json\/wp\/v2\/pages\/106\/revisions"}],"predecessor-version":[{"id":1987,"href":"https:\/\/vandrarhemmetriso.se\/hostel\/wp-json\/wp\/v2\/pages\/106\/revisions\/1987"}],"wp:featuredmedia":[{"embeddable":true,"href":"https:\/\/vandrarhemmetriso.se\/hostel\/wp-json\/wp\/v2\/media\/18"}],"wp:attachment":[{"href":"https:\/\/vandrarhemmetriso.se\/hostel\/wp-json\/wp\/v2\/media?parent=106"}],"curies":[{"name":"wp","href":"https:\/\/api.w.org\/{rel}","templated":true}]}}